
-11221 (base 4) to base 14
-1bb
Convert 11 (base 3) to base 16.
4
-62 (base 12) to base 4
-1022
What is 5 (base 14) in base 9?
5
10 (base 10) to base 7
13
-24 (base 15) to base 5
-114
4 (base 11) to base 15
4
0 (base 10) to base 2
0
What is -6 (base 13) in base 15?
-6
What is 1a4 (base 13) in base 12?
213
Convert -45 (base 9) to base 7.
-56
3 (base 7) to base 8
3
What is -24 (base 8) in base 12?
-18
Convert 100 (base 2) to base 3.
11
-2 (base 7) to base 15
-2
4 (base 14) to base 7
4
What is 16 (base 14) in base 8?
24
0 (base 16) to base 2
0
What is -10 (base 2) in base 8?
-2
1 (base 8) to base 10
1
-7 (base 8) to base 9
-7
Convert 255 (base 6) to base 8.
153
56 (base 10) to base 11
51
133 (base 8) to base 16
5b
What is 10 (base 16) in base 15?
11
122 (base 11) to base 3
12101
Convert 100011 (base 2) to base 16.
23
Convert 2 (base 10) to base 2.
10
Convert 22 (base 6) to base 16.
e
Convert -55 (base 13) to base 8.
-106
What is -47 (base 13) in base 9?
-65
-172 (base 10) to base 8
-254
46 (base 16) to base 14
50
-12 (base 10) to base 12
-10
Convert 35 (base 14) to base 6.
115
3 (base 14) to base 8
3
Convert -64 (base 7) to base 6.
-114
Convert -3 (base 16) to base 8.
-3
What is 1 (base 3) in base 9?
1
Convert -402 (base 5) to base 13.
-7b
Convert 84 (base 11) to base 3.
10102
c (base 13) to base 11
11
Convert -1 (base 10) to base 14.
-1
What is -49 (base 16) in base 6?
-201
Convert 2 (base 14) to base 8.
2
110110 (base 2) to base 12
46
-200 (base 6) to base 11
-66
What is -2 (base 5) in base 9?
-2
-354 (base 7) to base 15
-c6
What is 5 (base 12) in base 2?
101
20 (base 5) to base 16
a
What is -12 (base 5) in base 13?
-7
What is 114 (base 13) in base 15?
c6
2 (base 7) to base 13
2
Convert 1 (base 15) to base 12.
1
b (base 14) to base 2
1011
Convert -1 (base 4) to base 9.
-1
0 (base 9) to base 6
0
13 (base 4) to base 10
7
What is 10a (base 12) in base 7?
310
Convert 2 (base 10) to base 14.
2
What is -1 (base 2) in base 13?
-1
128 (base 10) to base 15
88
What is 17 (base 15) in base 11?
20
What is -2 (base 5) in base 14?
-2
What is -2002 (base 3) in base 15?
-3b
What is 1 (base 6) in base 3?
1
Convert -4 (base 8) to base 6.
-4
What is -347 (base 10) in base 15?
-182
-1 (base 9) to base 6
-1
Convert 1 (base 4) to base 13.
1
-1001 (base 2) to base 8
-11
1 (base 15) to base 13
1
What is -2 (base 3) in base 13?
-2
What is 21 (base 8) in base 11?
16
-2 (base 15) to base 12
-2
What is 3 (base 8) in base 13?
3
Convert 2 (base 11) to base 9.
2
What is 6 (base 7) in base 15?
6
b (base 12) to base 7
14
What is 100 (base 2) in base 10?
4
Convert 22 (base 5) to base 13.
c
Convert -9 (base 15) to base 4.
-21
What is 5 (base 7) in base 12?
5
-ad (base 15) to base 10
-163
What is -4 (base 15) in base 14?
-4
What is -7 (base 8) in base 4?
-13
What is -71 (base 9) in base 6?
-144
What is 10011 (base 2) in base 5?
34
Convert 12 (base 4) to base 12.
6
13 (base 8) to base 15
b
23 (base 4) to base 3
102
-11 (base 9) to base 4
-22
25 (base 12) to base 5
104
What is -1021 (base 3) in base 9?
-37
What is -2 (base 7) in base 8?
-2
What is 1 (base 9) in base 10?
1
What is -1a (base 11) in base 10?
-21
Convert -2 (base 3) to base 5.
-2
What is -3 (base 8) in base 5?
-3
What is -120 (base 5) in base 6?
-55
Convert -8 (base 15) to base 16.
-8
What is 2f (base 16) in base 7?
65
What is 15 (base 14) in base 16?
13
84 (base 13) to base 5
413
Convert -13a (base 12) to base 8.
-276
-14 (base 11) to base 10
-15
What is e (base 15) in base 10?
14
5 (base 10) to base 9
5
-78 (base 10) to base 6
-210
-103 (base 9) to base 12
-70
Convert -1020 (base 3) to base 2.
-100001
What is 5 (base 10) in base 3?
12
Convert -5 (base 16) to base 8.
-5
Convert 2 (base 4) to base 3.
2
-2 (base 8) to base 5
-2
-16 (base 16) to base 13
-19
What is -10 (base 8) in base 14?
-8
-1 (base 8) to base 5
-1
-2 (base 14) to base 4
-2
What is -1f (base 16) in base 13?
-25
97 (base 10) to base 8
141
What is -a (base 12) in base 4?
-22
Convert 16 (base 14) to base 3.
202
44 (base 5) to base 16
18
What is 0 (base 13) in base 12?
0
What is 23 (base 10) in base 11?
21
What is 423 (base 7) in base 11?
184
Convert 298 (base 11) to base 5.
2344
What is 1 (base 8) in base 4?
1
Convert -1 (base 16) to base 3.
-1
What is 123 (base 5) in base 4?
212
Convert 12 (base 5) to base 8.
7
Convert 111 (base 2) to base 14.
7
What is 47 (base 10) in base 6?
115
What is -4 (base 16) in base 15?
-4
What is 3 (base 10) in base 7?
3
What is 2 (base 14) in base 4?
2
Convert 1 (base 12) to base 7.
1
What is 45 (base 16) in base 11?
63
0 (base 5) to base 15
0
1 (base 12) to base 5
1
Convert 0 (base 14) to base 8.
0
Convert 10 (base 5) to base 6.
5
Convert -27 (base 12) to base 16.
-1f
0 (base 10) to base 13
0
What is 13 (base 11) in base 9?
15
-1102 (base 4) to base 2
-1010010
What is 2 (base 3) in base 12?
2
-134 (base 5) to base 7
-62
ac (base 14) to base 2
10011000
55 (base 8) to base 10
45
43 (base 5) to base 3
212
Convert 3 (base 15) to base 5.
3
What is 1 (base 7) in base 15?
1
-125 (base 14) to base 15
-104
Convert 3 (base 9) to base 2.
11
Convert 12 (base 3) to base 11.
5
What is -30 (base 14) in base 5?
-132
What is -11011 (base 3) in base 5?
-422
What is -21 (base 13) in base 15?
-1c
15 (base 9) to base 16
e
Convert 54 (base 6) to base 7.
46
1 (base 16) to base 15
1
What is -1 (base 16) in base 15?
-1
What is 8 (base 14) in base 11?
8
What is -3 (base 11) in base 10?
-3
Convert -6 (base 9) to base 5.
-11
Convert 3 (base 6) to base 4.
3
Convert 126 (base 7) to base 15.
49
Convert -100 (base 2) to base 5.
-4
-52 (base 8) to base 4
-222
-1 (base 5) to base 3
-1
What is -2 (base 8) in base 13?
-2
Convert 5 (base 15) to base 6.
5
What is -122 (base 7) in base 2?
-1000001
What is 0 (base 15) in base 3?
0
Convert -2 (base 15) to base 10.
-2
What is 48 (base 9) in base 7?
62
What is -2a (base 13) in base 16?
-24
-2 (base 11) to base 3
-2
Convert 0 (base 10) to base 2.
0
-10 (base 4) to base 12
-4
1 (base 8) to base 5
1
Convert -10212 (base 3) to base 13.
-80
Convert 5 (base 11) to base 5.
10
Convert -b0 (base 16) to base 14.
-c8
-61 (base 12) to base 7
-133
What is 3 (base 11) in base 7?
3
1110111 (base 2) to base 12
9b
-8 (base 14) to base 2
-1000
Convert -53 (base 6) to base 14.
-25
Convert 1 (base 10) to base 12.
1
21 (base 5) to base 13
b
What is 33 (base 4) in base 9?
16
Convert -3 (base 7) to base 8.
-3
What is -3 (base 12) in base 15?
-3
What is 1 (base 8) in base 2?
1
-7 (base 11) to base 5
-12
What is 3 (base 5) in base 8?
3
Convert -1321 (base 4) to base 12.
-a1
What is 23 (base 6) in base 13?
12
Convert 53 (base 9) to base 10.
48
Convert 0 (base 4) to base 14.
0
What is -26 (base 16) in base 6?
-102
1010 (base 2) to base 4
22
Convert -185 (base 9) to base 8.
-236
What is 1101111 (base 2) in base 3?
11010
What is 16 (base 7) in base 9?
14
Convert -55 (base 10) to base 9.
-61
What is -4 (base 14) in base 11?
-4
-1 (base 9) to base 5
-1
Convert -55 (base 10) to base 2.
-110111
What is -50 (base 14) in base 6?
-154
4 (base 13) to base 14
4
82 (base 12) to base 14
70
Convert 3 (base 15) to base 5.
3
Convert 2 (base 12) to base 6.
2
Convert 1 (base 5) to base 16.
1
3200 (base 4) to base 6
1012
What is 61 (base 7) in base 4?
223
Convert 38 (base 13) to base 6.
115
-10 (base 5) to base 14
-5
Convert 44 (base 8) to base 11.
33
What is 4 (base 11) in base 4?
10
Convert 10101 (base 3) to base 14.
67
What is -21 (base 3) in base 2?
-111
-16 (base 14) to base 6
-32
Convert 1010110 (base 2) to base 9.
105
What is -2221 (base 3) in base 9?
-87
What is -8 (base 15) in base 3?
-22
50 (base 11) to base 14
3d
What is -33 (base 9) in base 15?
-20
What is 64 (base 9) in base 13?
46
What is -72 (base 9) in base 10?
-65
What is 8b (base 13) in base 12?
97
What is 210 (base 5) in base 14?
3d
What is -1 (base 5) in base 9?
-1
Convert 0 (base 3) to base 2.
0
What is 12 (base 3) in base 12?
5
Convert -15 (base 13) to base 14.
-14
What is -4 (base 6) in base 3?
-11
-322 (base 4) to base 2
-111010
Convert -1 (base 8) to base 10.
-1
Convert 5 (base 12) to base 8.
5
-11010 (base 2) to base 9
-28
52 (base 6) to base 14
24
Convert 10 (base 6) to base 5.
11
What is -2 (base 13) in base 6?
-2
What is 100 (base 2) in base 3?
11
Convert 36 (base 11) to base 3